 v(i) composite?
False
Let m = 130097 + -9394. Is m prime?
False
Let s(t) = -17*t**2 + 64*t + 30. Let r(o) = 6*o**2 - 21*o - 10. Let i(h) = 7*r(h) + 2*s(h). Is i(9) composite?
False
Let n(v) = -9*v + 7. Let y be n(8). Let c = -152 - y. Let s = c - -154. Is s a prime number?
True
Is 5 + 1/9 + 141323/117 composite?
False
Suppose 0 = -o + 2*o. Let m be o*(10/(-5))/(-4). Suppose m = -5*q + 762 + 293. Is q prime?
True
Let d = 2653 - 1338. Is d composite?
True
Let u be 132/(20/5)*(-2)/2. Let d = u - -36. Is d a composite number?
False
Is (-3 - -2)/((-16)/266768) composite?
False
Suppose -i - 6 = -5. Is i + 0 + (943 - -19) composite?
True
Let f be (3 - (4 + -4))/(-1). Let q(c) = 31*c**2 - 4*c. Is q(f) a composite number?
True
Let f = 45957 - 24370. Is f composite?
False
Suppose 0 = 22*a - 58746 - 189920. Is a prime?
False
Let i = 7 + -2. Suppose -577 - 563 = -i*d. Let z = d + 73. Is z prime?
False
Let i = 782 - 475. Is i composite?
False
Let o(m) = m**3 + 10*m**2 - 15*m + 6. Let p be o(-11). Suppose 0 = -u + 4*j + 47, p + 22 = u + j. Let z = 224 + u. Is z a composite number?
True
Let x = -9 + 4. Let y(i) be the first derivative of -75*i**2 + 11*i - 26. Is y(x) prime?
True
Is 6/33 - 19589/(-11) composite?
True
Suppose 0 = -3*r - 2*u + 156, 0*u = u. Let d = 1 + r. Is d a composite number?
False
Suppose -6497 = -3*r - 578. Is r a prime number?
True
Is 14814 - 65/(8 - -5) prime?
False
Let f = -23 - -23. Let i(w) = 7*w**3 + 7*w**2 + 5*w - 95. Let s(g) = 6*g**3 + 6*g**2 + 4*g - 94. Let z(o) = 5*i(o) - 6*s(o). Is z(f) a composite number?
False
Suppose u + 254 + 559 = f, -4*u = f + 3262. Let c = u + 1494. Is c composite?
True
Suppose 2*s + 373 - 3033 = 0. Suppose -4*j = 3*c + 2*c - s, -5*j + 5*c + 1685 = 0. Is j composite?
True
Let a(x) = 6*x**2 + 2*x + 47. Let g be ((-1)/(-3))/((-7)/231). Is a(g) composite?
False
Let j(g) be the second derivative of 91*g**3/3 + 19*g**2/2 + 12*g. Is j(9) composite?
False
Suppose 16 = 2*r + 5*d, 2*r + 3*d - 12 = -0*r. Suppose -r*q = 3*y - 1467, 2*y - 2445 = -3*y - 3*q. Is y composite?
True
Let x(n) = 13*n - 35. Let v(t) = 19*t - 1. Let l be v(1). Is x(l) a composite number?
False
Suppose 0 = -61*j + 67*j - 206526. Is j a prime number?
True
Let p(x) = -x**2 + 5*x - 4. Let t be p(5). Let n(m) = 7*m**2 - 10*m - 18. Is n(t) composite?
True
Let p = 0 + -14. Let j = p + 22. Let u(c) = -c**3 + 9*c**2 + 4*c - 7. Is u(j) composite?
False
Let i = 338 + -1299. Let v = -242 - i. Is v a prime number?
True
Let o = -17 - -34. Suppose 8 = 5*a - o. Is 34/(-3)*(-15)/a prime?
False
Is ((2 + -12)/5)/(-4)*16078 a composite number?
False
Suppose 2*n + 7*k - 4306 = 3*k, k = -3*n + 6474. Is n a composite number?
True
Let x be 10/25 + 8/(-20). Suppose x = 3*q - 0*q - 9. Let z(y) = 51*y**3 - 3*y**2 + 3*y + 2. Is z(q) a prime number?
True
Let j(a) = 32841*a**2 - 3*a - 1. Is j(1) a composite number?
True
Suppose 3*l - 2*l - 27 = 0. Let m be ((-20)/(-14))/(4/28). Suppose z - l = m. Is z a composite number?
False
Let i be -3 + ((-4)/(-4) - 2). Let q(k) = -k**3 - 5*k**2 - 4*k + 5. Let m be q(i). Suppose h = m*r - 1186, 0 = 2*r - 4*r - 4*h + 470. Is r prime?
False
Let x(c) = c**3 + 34*c**2 + 26*c + 6. Is x(-33) a composite number?
True
Suppose 0*a - 4*u = -2*a - 8, a - 4*u = -10. Let r(m) = 20*m**3 + 3*m**2 + 5*m - 5. Is r(a) prime?
False
Suppose 258 = -5*q - 77. Let d be 1220/(-10) - 4/(-2). Let l = q - d. Is l composite?
False
Let l(r) = -r**3 - 11*r**2 + 13163. Is l(0) a prime number?
True
Is 7 - 12 - (-5 + -7283) a prime number?
True
Suppose -2*o - 4*k = -8, -9 = -4*o + k - 2*k. Is 840/o - (1 - 0) a prime number?
True
Let s = -166 - -12863. Is s a composite number?
False
Let c be (-609)/(-9) - 6/9. Suppose 2*i - c + 21 = 0. Suppose 0*o = o - i. Is o prime?
True
Let y = 1410 - -51. Let v = 2416 - y. Is v a prime number?
False
Let p(b) = b**3 + b**2 + b - 1. Let f(a) = 1098*a**3 + 2*a**2 + 4*a - 3. Let k(t) = f(t) - 2*p(t). Is k(1) a composite number?
False
Let r(s) = -s**3 - 4*s**2 - 3*s + 12. Let p be r(-5). Is 1 - (2 + (1 - p) + -3) prime?
True
Suppose 0 = 2*j - 20 - 10. Let d be (40/30)/((-1)/j). Is (8/d)/(-1)*205 a prime number?
False
Is ((-1397)/44*-20)/((-2)/(-2)) a prime number?
False
Suppose 0 = -2*s - 3*i + 19211, -2*i + 18 = 12. Is s a composite number?
False
Let s(v) = -59*v + 1. Let g(p) = p**3 - 6*p**2 + 6*p - 3. Let q be g(5). Suppose 3*m = 2*y + q - 10, -y = -4*m - 9. Is s(m) prime?
False
Suppose 15*f - 12*f - 105 = 0. Let b = 38 - f. Suppose 0 = -0*q + b*q + 3, 3*k - 2*q - 2879 = 0. Is k prime?
False
Suppose -2*z + 18 = 2*g - 16, -2*z + 42 = 4*g. Suppose y - 876 - z = 0. Is y a prime number?
False
Let m(z) = 8*z**3 - 48*z**2 - 3*z - 6. Is m(20) composite?
True
Let x = -5115 - -8122. Is x prime?
False
Let d = -5377 + 8540. Is d prime?
True
Let d = 606 - 421. Let q = 694 - d. Is q prime?
True
Suppose -3*r - 30 = -351. Suppose 0*x - x = r. Let j = 150 - x. Is j a prime number?
True
Suppose 9*u = 4*u + 4*s + 118435, -s + 94727 = 4*u. Is u composite?
True
Let c = -105 - -107. Suppose -l + c*l + 2*n = 1529, -4*n + 4593 = 3*l. Is l a prime number?
False
Let l = -109 + 230. Is l composite?
True
Suppose -61*x + 64522 = -120369. Is x prime?
False
Let j(u) = 124*u**3 + u**2 - 19*u + 31. Is j(6) a composite number?
False
Suppose 4 = -4*w, 6*v - 3*v = w - 38. Let y = 1 - v. Is y prime?
False
Suppose 8*s - 10*s - 1080 = 0. Let i = -305 - s. Is i a prime number?
False
Let t be (0/2)/((-9 - 1)/(-5)). Suppose -2*v - v + 1658 = 4*d, t = 4*v - 8. Is d composite?
True
Let i be ((-15)/10)/(-2 - (-39)/24). Is i/(-3 + -1) + 294 a prime number?
True
Let n = -1967 + 2772. Let h = n + -394. Is h/((-3)/(-6)*3) prime?
False
Let o(p) = 2*p**2 + 18*p - 21. Suppose 4*q = 5*l - 55 + 5, -42 = 5*q + 4*l. Let x = -5 + q. Is o(x) prime?
False
Suppose -4*g + 9*g - 6 = -m, -5*g + 42 = -3*m. Suppose 0*u - u = -p + 30, -3*u = p - 30. Let f = p - m. Is f composite?
True
Suppose 6*c + 12 = 3*c. Let g(j) = 9*j**2 + j + 9. Is g(c) composite?
False
Let c = -135 - -544. Is c composite?
False
Let q(f) = 2*f - 5*f - 2*f**2 + 4*f**2 - 6*f - 7. Let g be q(5). Is (28/(-14))/(g/187) prime?
False
Let x = -1795 - -3642. Is x a prime number?
True
Let a be 3 + -6 - (1 + 2055). Let f = 4646 + a. Is f a composite number?
True
Suppose 2*y = y + 28. Let n(j) = 6*j + 1. Let z be n(14). Let x = y + z. Is x a prime number?
True
Let x(v) = 4*v - 5*v + 7 - 14*v. Suppose -12*u - 191 + 47 = 0. Is x(u) a composite number?
True
Suppose 6*l = 3*l + 9. Suppose l*n + 4*n + 2191 = 0. Let a = n + 446. Is a a prime number?
False
Suppose -5*n + 369 = 2*v, -4*v + v - 5*n = -541. Let g = v - 119. Is g a composite number?
False
Let m(r) = r - 3*r**2 + r**2 + 226 + 407. Let o(y) = y**3 + 19*y**2 - 21*y - 20. Let a be o(-20). Is m(a) a composite number?
True
Let y be (13/26)/(1/4142). Suppose -1502 - y = -9*k. Is k a prime number?
True
Suppose 0 = 2*i + 10, 10 = 6*r - r + 3*i. Let q be 3417/15 + 1/r. Let h = q - 25. Is h a composite number?
True
Suppose 2000 = -2*l + 6*l - 4*b, -3*l + 2*b = -1502. Is l prime?
False
Let j = -11 - -10. Let u be 10043/(-11)*j*1. Suppose -363 = -3*h + p + u, 2*h + 3*p = 869. Is h a prime number?
False
Let r(y) = 3*y**2 + 13*y - 6. Let p(q) = -10*q**2 - 38*q + 17. Let s(u) = -3*p(u) - 8*r(u). Is s(10) a composite number?
True
Let d be (9/(-18))/((-1)/(-426)). Let l = 476 + d. Is l composite?
False
Let r = 112 + -2. Suppose -r = l - 367. Is l prime?
True
Suppose 84 = z - v + 304, 2*z + 2*v = -424. Is (10 - z)*1/2 prime?
True
Is (1 - 18/42)/((-6)/(-5817)) composite?
True
Is 5 - (-40)/(-20)*(-4163 + 1) a composite number?
False
Let f(y) = -114*y. Let a be f(-5). Suppose -a = -5*u - 5*h + 470, 4*u = -3*h + 835. Is u composite?
False
Let n be (-5 - (2 - 14))/(1/686). Suppose w - m = 4*w - n, w + m - 1600 = 0. Is w a prime number?
True
Let p(u) = 123*u - 1. Let z be p(3). Suppose -w + 5*w = -z. Is (w - 1)/((-15)/10) composite?
True
Suppose 0 = 2*v - 3*x - 17311, v = x + 13297 - 4639. Is v a prime number?
True
Let n be -1 + 1 + -2 - 3. Let l = 4 + n. Is l/(1/(-191)*1) a composite number?
False
Let o(r) = r**3 + 9*r**2 + 8*r - 11. Let a be o(-8). Let m(j) = 7*j**2 - 6*j - 2. Is m(a) a prime number?
True
Suppose -6*f + f = 0. Let j(s) = s**3 + s**2 + s. Let c be j(f). Suppose -119 = -c*v - v. 